vided by 11.
5
Let o be 3 - ((-2)/10 + 3456/(-120)). Suppose -5*w + o*w = 1809. Calculate the remainder when 273 is divided by w.
5
Suppose -3638 + 313 = -5*w. Let c = -607 + w. Suppose 3*k - 47 = -2. What is the remainder when c is divided by k?
13
Let w = -257 + 339. Let d(h) = -222*h + 9. Calculate the remainder when d(-1) is divided by w.
67
Let b = -24056 + 24218. What is the remainder when 467 is divided by b?
143
Suppose -2630 + 3314 = 3*q. What is the remainder when q is divided by 3?
0
Let u(i) = 64*i**2 + i. Suppose 0 = -39*j + 16*j - 58*j + 20331. What is the remainder when j is divided by u(1)?
56
Suppose 0 = -3*d - 4*s - 106 + 37, 3*d + 66 = -3*s. Calculate the remainder when (-2489)/d + (-5 - 1) is divided by 42.
41
Let q(a) = -3*a**2 - 40*a + 10. Let j be q(-12). Suppose -54*v - 120 = -j*v. What is the remainder when 59 is divided by v?
29
Let a(h) = -h**3 + 32*h**2 - 248*h - 83. Calculate the remainder when a(17) is divided by 17.
2
Let q(a) = -47*a + 689. What is the remainder when q(10) is divided by 39?
24
Suppose -28*d + 449 = -491 - 1104. Calculate the remainder when 142 is divided by d.
69
Let h = 1477 - 1381. Calculate the remainder when 440 is divided by h.
56
Suppose -3*t - 420 = 4*b, b - 541 = 4*t - 0*b. Calculate the remainder when 297 is divided by -5 - 17/(t/192).
12
Let f(d) = -102*d - 5. Let g(i) = i**3 - 12*i**2 + 20*i + 10. Let x be g(10). Suppose x = 3*h - 143. Calculate the remainder when f(-1) is divided by h.
46
Let d = -35 - -87. Let t(l) = 53*l + 12 - d*l + 42 - 14. Calculate the remainder when t(-14) is divided by 12.
2
Let o(h) = 891 + 2*h - 14*h - 774. Calculate the remainder when 274 is divided by o(4).
67
Let q be 1/3 - (-1821)/(-9). Let v = -115 - q. Let n(x) = 30*x**2 + 174*x - 21. What is the remainder when v is divided by n(-6)?
12
Let q = -2926 + 2927. Calculate the remainder when 34 is divided by q.
0
Suppose 2*o - 52 = -2*o. Suppose -o*j - 410 = -23*j. Calculate the remainder when 199 is divided by j.
35
Let b(o) = o**3 + 12*o**2 - 3*o - 14. Let z be b(-6). Suppose -1327 + z = -41*j. What is the remainder when j is divided by 4?
3
Suppose 0 = -8*f - 22*f - 150. Calculate the remainder when (-1 + f)/((-142)/1633) is divided by (-47)/(-4) - (-2)/8.
9
Suppose -3*v + 1348 = 2*o, 4*v = -4*o + 5*v + 2668. Calculate the remainder when o is divided by 14.
10
Suppose -7 = 6*q - 19. Suppose 2*a - 124 = -i, -q*i - 5*a + 252 = -0*a. What is the remainder when i is divided by 59?
57
Calculate the remainder when -8 + 3 + 14 + 0 + 792 is divided by 186.
57
Suppose 29*v + 4 = 30*v. Suppose f - 14 = 4*d, -27 + 1 = -v*f + d. What is the remainder when (-85)/(-3) - 1/3 is divided by f?
4
Let q be (81/(-135))/(1/(-5)). What is the remainder when (-634)/q*(117/6)/(-13) is divided by 40?
37
Let z = -15 + 29. Suppose 5*h = 15*h + 1910. Let n = 199 + h. What is the remainder when z is divided by n?
6
Let a(j) = -j**2 + 29*j - 55. Let g be a(27). Calculate the remainder when 94 is divided by 3 - -1 - ((0 - 5) + g).
4
Let h = 9729 + 10232. Calculate the remainder when h is divided by 92.
89
Let w(a) = a**2 - 16*a - 9. Let k be w(17). Let q(h) = 8*h + 3 + 5 + k*h - 22*h. What is the remainder when 95 is divided by q(-4)?
31
Let z(d) = -2*d**2 - 31*d + 49. Let r be z(-21). Let t be (-52)/r - (1 + (-124)/7). Let v = t + 33. Calculate the remainder when v is divided by 20.
10
Let y(h) = 14*h + 27. Let q be y(-9). What is the remainder when 22/q - (-4000)/18 is divided by 9?
6
Suppose 0*h + 5*h - 445 = 0. Let g(z) = z**2 - 14*z - 7. Let t be g(13). Let p = t - -35. What is the remainder when h is divided by p?
14
Let a = 7 - 2. Let u(z) = 0*z**2 - 7*z**2 + z**2 + 6 + a*z**2 + 7*z. Calculate the remainder when 45 is divided by u(7).
3
Let c be 40/(-14)*(-182)/(-52). Calculate the remainder when -5*(-92)/6*(-6)/c is divided by (-146)/(-6) - (-1)/(-3).
22
Calculate the remainder when 684 is divided by -13 + 14*(-1968)/(-112).
218
Suppose 48 = 143*m - 155*m. Let x be (-1)/(2*2/(-8)). Calculate the remainder when 23 is divided by (x/m)/(-1)*8.
3
Suppose -h + 6 = -4*c, 4*c + 14 = 3*h + 2*h. Suppose -2*p - 23 = -r, 2*r - 6*r - h*p + 42 = 0. What is the remainder when 20 is divided by r?
7
Let i(p) = -3*p**2 - 46*p + 341. Calculate the remainder when 1275 is divided by i(-20).
55
Let w = 1521 - 1115. What is the remainder when w is divided by 11?
10
Suppose -3*d = -3*r + 153, 2*r = 5*d + 8 + 94. Let s = -250 + 253. Calculate the remainder when r is divided by 6/(36/38)*s.
13
Let i be (-18)/(-7)*(1 + 132/36). Suppose i*f + 1243 - 1447 = 0. What is the remainder when 131 is divided by f?
12
Suppose 2*m - b + 1183 = 4808, 4*b - 28 = 0. Calculate the remainder when m is divided by 118.
46
Suppose 5*s - 13 = -2*r, 4*s - 7*s + 5*r + 45 = 0. Calculate the remainder when 2270 is divided by s.
0
Let s(x) = -x**3 + 10*x**2 - x - 26. Let j(z) = z**2 - 12*z + 11. Let o be j(11). Suppose -2*q + 9 + 7 = o. Calculate the remainder when s(9) is divided by q.
6
Let u(y) = -55*y - 15. Let n(q) = q. Let j(x) = 30*n(x) + u(x). Let a be j(-5). Suppose a = 9*v + v. Calculate the remainder when v is divided by 4.
3
Let x = 57914 - 57805. Suppose 2*v + 4*m - 8 = -2*v, -v = 3*m - 6. Suppose -46 = -3*q - w, 30 = -v*q + q + 4*w. What is the remainder when x is divided by q?
11
Let q = -2774 - -4552. Suppose -110*x + q = -96*x. Calculate the remainder when x is divided by 1 + 16 + 1 + -2.
15
Let d(a) = 2*a**2 + 123*a + 779. Let x(s) = s**2 - 2*s + 5. Calculate the remainder when d(-6) is divided by x(-4).
26
Suppose -2*c = 3*c - 55. Calculate the remainder when (84/20)/(129/860) is divided by c.
6
Suppose 3*g - 68 = g. Suppose -2*t + 14 = 4*m, -3*m - m - 5*t - 1 = 0. What is the remainder when g is divided by (-2)/3*-6 - (3 - m)?
6
Let s(n) = -2941*n - 15569. Calculate the remainder when s(-6) is divided by 261.
250
Let g = 8128 + -7935. What is the remainder when g is divided by 56?
25
Suppose 2*s = 3*s - 7. Suppose -10*d - 30 = b + 14, -d = 5*b - 25. Calculate the remainder when s is divided by b.
1
Let b = 3588 - 3160. Calculate the remainder when b is divided by 87.
80
Let j(k) = -6*k + 94. Let h be j(17). What is the remainder when (h/10)/((3/(-110))/3) is divided by 9?
7
Let x(h) = -h**2 - 4*h + 1. Let y be -2 + -1 + 6/(-6). Suppose i - 4*o - 5 = 0, 4*o = 3*i - 0 - 7. What is the remainder when x(y) is divided by i?
0
Let m = 214 - -276. Suppose -2*r - 116 - 127 = -h, 2*h - m = 3*r. What is the remainder when h is divided by 16?
11
Let o(y) = -y**3 - 8*y**2 - 19*y - 12. Let m be o(-4). Suppose m = 17*n - 153 - 2601. What is the remainder when n is divided by 55?
52
Suppose 5*p + 143 - 2268 = 0. Let r = p + -296. Suppose 39*u + 35 = 44*u - 5*g, -26 = -2*u - 2*g. Calculate the remainder when r is divided by u.
9
Suppose -100*g - 41*g = -2820. Calculate the remainder when 49 is divided by g.
9
Suppose 4*h + a - 53 = 0, 3*h + 2 = 4*h + 4*a. Let c = 40 - h. Let i = c + 53. Calculate the remainder when i is divided by 9.
7
Let t be (-100)/16 + (-2)/(-8). What is the remainder when (t/4)/(9/(-96)) is divided by (-90)/25*(-195)/78?
7
Suppose 49 = 10*b - 161. Let j(q) = 17*q**2 + 3*q - 3. Calculate the remainder when j(2) is divided by (-110)/(-5) - -5*b/35.
21
Calculate the remainder when 554 is divided by -19*12/(-684) + (-28)/(-6).
4
Suppose j - v = -4*v + 29, 4*v - 100 = -4*j. Let q = -20 - -53. Suppose 2*u - 7 = l + 14, -4*u = l - q. Calculate the remainder when j is divided by u.
5
Suppose 4*u = -11 + 83. Suppose -4*r + 19 = o + 4, 5*r - u = -o. Suppose -3*j = w - 66, -w = o*w - 5*j - 179. Calculate the remainder when w is divided by 6.
3
Suppose 0 = -10*y + 1431 - 621. Calculate the remainder when 332 is divided by y.
8
Suppose -2*s + 147 = -3*t, 4*t + 295 = 4*s - t. Let p = 72 - s. What is the remainder when 15 is divided by (2 + (-3)/1)*p?
0
Suppose 78 = 4*b - 94. Let t = -47 + b. Calculate the remainder when 3 is divided by t + 39/7 - 12/(-28).
1
Let f(t) = 19 - 3 + 4*t + 0*t. Calculate the remainder when 219 is divided by f(7).
43
Suppose -17*h + 1260 = 38*h + 29*h. Suppose -7*j + 3*j = -16. What is the remainder when h is divided by j?
3
Let o(v) = -29*v - 125. Let h be o(-11). Suppose -4*f - a + h = 0, 4*a - 4 = -f + 52. Calculate the remainder